{"id":14,"date":"2014-10-14T15:32:14","date_gmt":"2014-10-14T19:32:14","guid":{"rendered":"http:\/\/54.200.243.200\/wordpress\/?page_id=14"},"modified":"2022-01-27T07:13:01","modified_gmt":"2022-01-27T11:13:01","slug":"sistema-erp","status":"publish","type":"page","link":"https:\/\/clientes.random.cl\/productos\/sistema-erp\/","title":{"rendered":"Random ERP"},"content":{"rendered":"<p>Descargar <a href=\"http:\/\/descargas.random.cl\/getFile.php?FILE=random.erp.dte.exe&amp;DTE=1\">versi\u00f3n actual<\/a><\/p>\n<p style=\"padding-left: 30px;\"><a title=\"Instalaci\u00f3n Random ERP\" href=\"http:\/\/clientes.random.cl\/productos\/instalacion-random-erp\/\">\u00bfNo sabe c\u00f3mo se instala?<\/a><\/p>\n<p style=\"padding-left: 30px;\">\u00bfSab\u00eda que es posible <a title=\"Actualizaci\u00f3n autom\u00e1tica\" href=\"http:\/\/clientes.random.cl\/productos\/actualizacion-automatica\/\">actualizar el sistema autom\u00e1ticamente<\/a>?.<\/p>\n<h4>Nuevas funciones<\/h4>\n<ul class=\"lcp_catlist\" id=\"lcp_instance_0\"><li><a href=\"https:\/\/clientes.random.cl\/productos\/ka-izmantot-socialas-funkcionalitates-lai-uzlabotu-lex-casino-pieredzi\/\">K\u0101 Izmantot Soci\u0101l\u0101s Funkcionalit\u0101tes, Lai Uzlabotu Lex Casino Pieredzi<\/a>  04\/04\/2026<\/li><li><a href=\"https:\/\/clientes.random.cl\/productos\/how-to-incorporate-pirate-chicken-elements-into-your-casino-gaming-strategy\/\">How to Incorporate Pirate Chicken Elements into Your Casino Gaming Strategy<\/a>  04\/04\/2026<\/li><li><a href=\"https:\/\/clientes.random.cl\/productos\/%ce%a0%cf%8e%cf%82-%ce%bd%ce%b1-%ce%be%ce%b5%ce%ba%ce%b9%ce%bd%ce%ae%cf%83%ce%b5%cf%84%ce%b5-%cf%84%ce%bf-%cf%80%ce%b1%ce%b9%cf%87%ce%bd%ce%af%ce%b4%ce%b9-%cf%83%cf%84%ce%bf-god-of-wins-casino-%cf%87\/\">\u03a0\u03ce\u03c2 \u03bd\u03b1 \u03be\u03b5\u03ba\u03b9\u03bd\u03ae\u03c3\u03b5\u03c4\u03b5 \u03c4\u03bf \u03c0\u03b1\u03b9\u03c7\u03bd\u03af\u03b4\u03b9 \u03c3\u03c4\u03bf God of Wins Casino \u03c7\u03c9\u03c1\u03af\u03c2 \u03b1\u03c1\u03c7\u03b9\u03ba\u03ae \u03ba\u03b1\u03c4\u03ac\u03b8\u03b5\u03c3\u03b7<\/a>  04\/04\/2026<\/li><li><a href=\"https:\/\/clientes.random.cl\/productos\/perche-lapp-888-e-una-delle-piu-affidabili-nel-mondo-dei-casino-online\/\">Perch\u00e9 l&#8217;app 888 \u00e8 una delle pi\u00f9 affidabili nel mondo dei casin\u00f2 online<\/a>  04\/04\/2026<\/li><li><a href=\"https:\/\/clientes.random.cl\/productos\/%ce%a0%cf%8e%cf%82-%cf%84%ce%bf-revolution-casino-%ce%b1%ce%bb%ce%bb%ce%ac%ce%b6%ce%b5%ce%b9-%cf%84%ce%b7%ce%bd-%cf%80%cf%81%ce%bf%cf%83%ce%ad%ce%b3%ce%b3%ce%b9%cf%83%ce%b7-%cf%83%cf%84%ce%bf-online-g\/\">\u03a0\u03ce\u03c2 \u03c4\u03bf Revolution Casino \u03b1\u03bb\u03bb\u03ac\u03b6\u03b5\u03b9 \u03c4\u03b7\u03bd \u03c0\u03c1\u03bf\u03c3\u03ad\u03b3\u03b3\u03b9\u03c3\u03b7 \u03c3\u03c4\u03bf online gaming \u03c3\u03c4\u03b7\u03bd \u0395\u03bb\u03bb\u03ac\u03b4\u03b1<\/a>  03\/04\/2026<\/li><li><a href=\"https:\/\/clientes.random.cl\/productos\/die-spannendsten-neuen-alf-casino-slots-die-sie-ausprobieren-sollten\/\">Die spannendsten neuen Alf Casino Slots, die Sie ausprobieren sollten<\/a>  03\/04\/2026<\/li><li><a href=\"https:\/\/clientes.random.cl\/productos\/%ce%a0%cf%8e%cf%82-%ce%bd%ce%b1-%ce%91%cf%80%ce%bf%cf%86%cf%8d%ce%b3%ce%b5%cf%84%ce%b5-%cf%84%ce%b1-%ce%a3%cf%85%ce%bd%ce%b7%ce%b8%ce%b9%cf%83%ce%bc%ce%ad%ce%bd%ce%b1-%ce%9b%ce%ac%ce%b8%ce%b7-%cf%80\/\">\u03a0\u03ce\u03c2 \u03bd\u03b1 \u0391\u03c0\u03bf\u03c6\u03cd\u03b3\u03b5\u03c4\u03b5 \u03c4\u03b1 \u03a3\u03c5\u03bd\u03b7\u03b8\u03b9\u03c3\u03bc\u03ad\u03bd\u03b1 \u039b\u03ac\u03b8\u03b7 \u03c0\u03bf\u03c5 \u039a\u03ac\u03bd\u03bf\u03c5\u03bd \u03bf\u03b9 \u03a0\u03b1\u03af\u03c7\u03c4\u03b5\u03c2 \u03c3\u03c4\u03bf Wintopia<\/a>  02\/04\/2026<\/li><li><a href=\"https:\/\/clientes.random.cl\/productos\/bestingame-bonus-compleanno-una-guida-per-non-perdere-lofferta-speciale\/\">Bestingame Bonus Compleanno: una guida per non perdere l&#8217;offerta speciale<\/a>  02\/04\/2026<\/li><li><a href=\"https:\/\/clientes.random.cl\/productos\/waarom-cookie-casino-app-een-must-have-is-voor-elke-casinospeler\/\">Waarom Cookie Casino app een must-have is voor elke casinospeler<\/a>  02\/04\/2026<\/li><li><a href=\"https:\/\/clientes.random.cl\/productos\/die-besten-tipps-fur-ein-sicheres-und-erfolgreiches-spinfin-erlebnis\/\">Die besten Tipps f\u00fcr ein sicheres und erfolgreiches Spinfin Erlebnis<\/a>  31\/03\/2026<\/li><\/ul>\n<h4>\u00daltimos instructivos<\/h4>\n<ul class=\"lcp_catlist\" id=\"lcp_instance_0\"><li><a href=\"https:\/\/clientes.random.cl\/productos\/cambio-en-protocolo-sii\/\">Cambio en protocolo SII<\/a>  26\/10\/2022<\/li><li><a href=\"https:\/\/clientes.random.cl\/productos\/creacion-agrupadores-de-productos-para-uso-en-carro-de-compras\/\">Creaci\u00f3n agrupadores de productos para uso en carro de compras<\/a>  10\/03\/2021<\/li><li><a href=\"https:\/\/clientes.random.cl\/productos\/solucion-los-textos-en-el-erp-se-ven-mal\/\">Soluci\u00f3n: Los textos en el ERP se ven mal (Windows 10)<\/a>  19\/11\/2020<\/li><li><a href=\"https:\/\/clientes.random.cl\/productos\/configuracion-recargo-flete-de-proveedor\/\">Recargo flete de proveedor<\/a>  25\/05\/2020<\/li><li><a href=\"https:\/\/clientes.random.cl\/productos\/crear-tablas-de-caracterizacion\/\">Crear tablas de caracterizaci\u00f3n<\/a>  25\/02\/2020<\/li><li><a href=\"https:\/\/clientes.random.cl\/productos\/filtros-personalizados-en-listados-del-erp\/\">Filtros personalizados en listados del ERP<\/a>  15\/01\/2020<\/li><li><a href=\"https:\/\/clientes.random.cl\/productos\/informacion-adicional-obligatoria-para-documentos\/\">Informaci\u00f3n adicional obligatoria para documentos<\/a>  05\/09\/2018<\/li><li><a href=\"https:\/\/clientes.random.cl\/productos\/informe-de-ventas\/\">Informe de ventas<\/a>  19\/04\/2018<\/li><li><a href=\"https:\/\/clientes.random.cl\/productos\/venta-calzada-despacho-directo-de-proveedor\/\">Venta calzada : despacho directo de proveedor<\/a>  26\/03\/2018<\/li><li><a href=\"https:\/\/clientes.random.cl\/productos\/facturacion-de-anticipos\/\">Facturaci\u00f3n de anticipos<\/a>  12\/03\/2018<\/li><\/ul>\n<h4>\u00daltimas correcciones<\/h4>\n<ul class=\"lcp_catlist\" id=\"lcp_instance_0\"><li><a href=\"https:\/\/clientes.random.cl\/productos\/solucion-los-textos-en-el-erp-se-ven-mal\/\">Soluci\u00f3n: Los textos en el ERP se ven mal (Windows 10)<\/a>  19\/11\/2020<\/li><li><a href=\"https:\/\/clientes.random.cl\/productos\/guia-que-no-constituyen-venta\/\">Gu\u00eda que no constituye venta<\/a>  13\/02\/2019<\/li><li><a href=\"https:\/\/clientes.random.cl\/productos\/fix-descuadre-al-eliminar-lineas-de-comprobante-en-ifrs\/\">Fix: Descuadre al eliminar l\u00edneas de comprobante en IFRS<\/a>  11\/12\/2014<\/li><\/ul>\n","protected":false},"excerpt":{"rendered":"<p>Descargar versi\u00f3n actual \u00bfNo sabe c\u00f3mo se instala? \u00bfSab\u00eda que es posible actualizar el sistema autom\u00e1ticamente?. Nuevas funciones \u00daltimos instructivos \u00daltimas correcciones<\/p>\n","protected":false},"author":1,"featured_media":0,"parent":0,"menu_order":0,"comment_status":"open","ping_status":"open","template":"","meta":[],"_links":{"self":[{"href":"https:\/\/clientes.random.cl\/productos\/wp-json\/wp\/v2\/pages\/14"}],"collection":[{"href":"https:\/\/clientes.random.cl\/productos\/wp-json\/wp\/v2\/pages"}],"about":[{"href":"https:\/\/clientes.random.cl\/productos\/wp-json\/wp\/v2\/types\/page"}],"author":[{"embeddable":true,"href":"https:\/\/clientes.random.cl\/productos\/wp-json\/wp\/v2\/users\/1"}],"replies":[{"embeddable":true,"href":"https:\/\/clientes.random.cl\/productos\/wp-json\/wp\/v2\/comments?post=14"}],"version-history":[{"count":69,"href":"https:\/\/clientes.random.cl\/productos\/wp-json\/wp\/v2\/pages\/14\/revisions"}],"predecessor-version":[{"id":3524,"href":"https:\/\/clientes.random.cl\/productos\/wp-json\/wp\/v2\/pages\/14\/revisions\/3524"}],"wp:attachment":[{"href":"https:\/\/clientes.random.cl\/productos\/wp-json\/wp\/v2\/media?parent=14"}],"curies":[{"name":"wp","href":"https:\/\/api.w.org\/{rel}","templated":true}]}}